ainder when 92 is divided by ((-7)/t)/(3/(-216)).
20
Let q(i) = i**3 - 12*i**2 - 18*i + 2. Suppose -4*l = 2*s - 90, -2*s - 2*l + 52 = -44. Calculate the remainder when q(14) is divided by (s + 3)/((-6)/(-4)).
34
Suppose 0 = -38*d + 372 + 46. What is the remainder when d is divided by 3?
2
Let s(w) = -w**3 - 62*w**2 - 63*w + 191. Calculate the remainder when 939 is divided by s(-61).
0
Suppose 0*o - 3*t = -3*o - 384, -4*o + 2*t - 516 = 0. Let x = o + 154. What is the remainder when x is divided by 1/(1/7 + 0)?
3
Suppose 217 = -12*w + 19*w. Suppose -36 = 30*g - w*g. What is the remainder when g is divided by 18?
0
Suppose -37 - 99 = -4*f. Calculate the remainder when 182991/(-1348)*4/(-3) is divided by f.
11
Let t(l) be the second derivative of -l**3/3 + 16*l**2 + 45*l. Calculate the remainder when (-1)/4 - (-785)/20 is divided by t(14).
3
Let j(f) = -f**2 + 14. Let m be j(3). Suppose 4*s - 7 = -k + m, 4*s + 128 = 4*k. Calculate the remainder when 40 is divided by k.
12
Suppose -158*g + 36202 - 22404 = -39132. Calculate the remainder when g is divided by 54.
11
Let n(f) = -3*f**3 - 9*f**2 + f + 2. Let a = 59 - 55. Calculate the remainder when n(-4) is divided by -3 + -2 + a + (19 - 6).
10
Let j = 34116 - 34109. Let q(p) = -p + 7. Let k be q(6). Let u(a) = 8*a + 1. Calculate the remainder when u(k) is divided by j.
2
Let a(c) = -c**3 - 4*c**2 - 11*c + 13. Suppose n + 7 = -4*j, -3*n = -0*n + 5*j. Suppose s = n*s + 32. What is the remainder when a(s) is divided by 60?
57
Suppose -48*j + 53*j = l + 40, -j + 17 = -2*l. Calculate the remainder when 9 is divided by j.
2
Let k be (30/12)/((-2)/(-4)). Suppose -12 = -j + 5*d + 18, -3*j = k*d - 10. What is the remainder when 16 is divided by j?
6
Let k be (-2)/5 + 72/30. Let p be (2 - k)/(-1) - 17. Let q = p - -28. Calculate the remainder when q is divided by 6.
5
Let c(h) = 843*h + 12. What is the remainder when 96 is divided by c(0)?
0
Let h = 188 - 368. What is the remainder when 277 is divided by (h/(-225))/((-4)/(-70))?
11
Let a(x) = -x**3 - 7*x**2 - 18. What is the remainder when a(-8) is divided by (2 + 6 - 5) + 1?
2
Suppose 3*c = 2*p + 45, -79 + 19 = -4*c + 2*p. What is the remainder when c is divided by (2/5)/(3*3/225)?
5
Suppose -154 = -2*g + 4*u, -17*u + 40 = 3*u. What is the remainder when 249 is divided by g?
6
Let s be 1*5*-1 - (-42 + 49). Let u(j) = -2*j + 25. Calculate the remainder when u(s) is divided by 17.
15
Suppose -v - 25 + 4 = -4*g, g + 11 = -3*v. Suppose -3*m = -g*z + 107, -4*z - 115 = 2*m + m. Let y = m - -47. What is the remainder when y is divided by 8?
2
Let i = 31827 + -31736. Calculate the remainder when (-6)/(-2) + (-1262)/(-2) is divided by i.
88
Let s(y) = 4*y**3 - 30*y**2 + 128*y - 10. Calculate the remainder when s(4) is divided by 67.
10
Let i be -4 - -6 - (-936 + -3). Suppose d + 5*s - 1889 = -3*d, 2*d - i = s. Calculate the remainder when d is divided by 11.
9
Let n be ((-36)/(-4) + -2)*(-204)/(-14). Let l = n - 103. What is the remainder when 38 is divided by (-22 + -2)/l - 4?
18
What is the remainder when 3429 is divided by 4/46 - 791/(-161) - (9 - 25)?
6
Calculate the remainder when (-3146)/(-2) + 1/((-3)/27) is divided by 154.
24
Let o(v) = v**3 - 5*v**2 - 8*v - 9. What is the remainder when o(7) is divided by -14 - -26 - (-3)/(-1)*(9 + -12)?
12
Suppose 0 = 74*x - 76*x + 122. Suppose 549 = 10*m - 631. What is the remainder when m is divided by x?
57
Suppose -4*v + 404 = -200. Suppose 0 = 36*q - 5*q - 248. Suppose 91 = q*i - 213. Calculate the remainder when v is divided by i.
37
Let n = 16384 + -8055. Calculate the remainder when n is divided by 98.
97
Suppose 5*u + 176 = -234. Let b = 87 + u. Suppose -149 = -5*m - 3*k - k, 3*m - 79 = -b*k. Calculate the remainder when 129 is divided by m.
30
Let a(z) = z**2 - 10*z - 27. Let d be a(-4). Suppose -3*q - d = -2*r + 39, 4*r = 5*q + 112. Calculate the remainder when (141/(-2))/(q/32) is divided by 12.
10
Suppose 32*u - 2204 - 356 = 0. What is the remainder when 311 is divided by u?
71
Let i = -575 + 830. Let b = 296 - i. Calculate the remainder when 155 is divided by b.
32
Let s(l) = 3*l**2 + 650*l + 5178. What is the remainder when 545 is divided by s(-8)?
35
Let i(z) = -2*z**2 - 20*z - 7. Let f be i(10). Let w = 424 + f. Let p = 111 - 62. What is the remainder when p is divided by w?
15
Let c = 53 - 33. Let q(r) = 7*r**2 - 2*r + 1. Let n(m) = m**3 - 6*m**2 + 1. Let g be n(6). What is the remainder when c is divided by q(g)?
2
Suppose -5*k + 5*m + 460 = 0, 5*k + 3*m - 204 = 264. Suppose 57 + 9 = 11*d. What is the remainder when k is divided by d?
3
Suppose 20*c = 10*c - 60. Calculate the remainder when 65 is divided by ((-710)/213)/(1/(c/5)).
1
Let t = 9199 - 6884. What is the remainder when t is divided by 93?
83
Let n(t) = 8*t + 80. Suppose 10*q - 38 = -88. What is the remainder when 224 is divided by n(q)?
24
Let k = 341 - 342. Suppose -3*w = -2*w - 5. What is the remainder when (23/(-1))/k - -6 is divided by w?
4
Suppose 14*c + 72*c = 20038. What is the remainder when c is divided by 63?
44
Let y(k) = -33*k**2 - 258*k - 18. Calculate the remainder when y(-7) is divided by 54.
9
Suppose g - 2012 = -5*c, 0 = -g + 3641*c - 3645*c + 2018. Calculate the remainder when g is divided by 679.
5
Suppose -g + 13 = -34. Let n(b) = -2*b**2 + 196*b - 2861. What is the remainder when g is divided by n(18)?
9
Suppose -21963 + 5763 = -270*c. Let b(w) = w**3 - 13*w**2 - 6*w + 16. What is the remainder when b(14) is divided by c?
8
Let h(y) = -2*y**2 + 42*y + 827. What is the remainder when 170 is divided by h(33)?
30
Let q = -2825 + 2867. What is the remainder when 192 is divided by q?
24
Suppose -42 + 38 = -2*t, -4*z + 38 = -5*t. What is the remainder when ((-138)/8)/((-12)/(-32)*-1) is divided by z?
10
Let s be (5 - 55/15) + 492/9. Suppose 4*m - 2*p = s, 3*p - 46 = -5*m + 35. Suppose -13*t - 104 = -m*t. Calculate the remainder when t is divided by 14.
10
Let q(r) be the first derivative of -25*r**2 - 194*r - 226. What is the remainder when q(-4) is divided by (-1)/2 - 5/(-2)?
0
Calculate the remainder when (-65988)/(-96) + 24/(-64) is divided by 173.
168
Suppose 0 = 49706*g - 49707*g + 11. Calculate the remainder when 121 is divided by g.
0
Suppose -3*d - 22 = 2. Let s be 13 - 1/(3/(-5 + 8)). Let p = d + s. What is the remainder when 13 is divided by p?
1
Let b be 2 - 32/12 - (-294)/(-18). Let u(v) = -v. Calculate the remainder when u(b) is divided by ((-10)/(-3))/(8/12).
2
Let m be -1 - ((-41 + 0 - -3) + 1). Suppose 5*j - 3*j = -2*v + 42, -j = -4*v - m. What is the remainder when 68 is divided by j?
20
Suppose -4*a + 100 = -4*t, 5*t - 2*a + a = -129. Let x = t - -33. Suppose 0 = x*i + 3*i - 110. Calculate the remainder when 42 is divided by i.
9
Let u(h) = -h + 58. Let j(l) = -l + 57. Let x(f) = 4*j(f) - 3*u(f). Calculate the remainder when x(21) is divided by 8.
1
Let s = -2727 - -2734. What is the remainder when 298 is divided by s?
4
What is the remainder when 3229 is divided by (-3*(-28)/(-12) + -1)*(-147)/12?
93
Suppose y - 4*h = 16668, 0 = 7*h - 12*h + 35. Calculate the remainder when y is divided by 19.
14
Let s(p) = -4*p**3 + 22*p**2 - 7*p + 6. Let z be s(9). Let r be z/(-21) - 4/(-14). Suppose 24*a - 21*a = r. Calculate the remainder when 67 is divided by a.
10
Suppose -5*q = -12 + 2. Suppose -5*z - 3*b = -389, 2*z - q*b = 2*b + 166. Let a = -10799 - -10819. Calculate the remainder when z is divided by a.
19
Let p = -183 - -324. Let g(o) = -o**3 + 142*o**2 + 437*o - 272. What is the remainder when p is divided by g(145)?
15
Let l(f) = 13*f**2 - 27*f + 9. Let y be l(16). Suppose 16*p + y = 23*p. What is the remainder when p is divided by 13?
12
Let z be 2/(-3) + (-60)/(-9). Let t = z + 16. Calculate the remainder when t is divided by ((-20)/(-15))/(28/126).
4
Let v be (-6 + 78/8)/((-3)/(-12)). Suppose -v*n + 588 + 1017 = 0. Calculate the remainder when n is divided by 12.
11
Suppose -2*y = 8, 2*n - y - 7 = 1. Suppose -3*q + 200 = n. Calculate the remainder when 527 is divided by q.
65
Let n(k) = -24 - 29 + 8 - 22*k - 23. Calculate the remainder when 73 is divided by n(-4).
13
Let j(q) = -17*q**3 + 8*q + 8*q**2 - 20*q**3 + 11 + 38*q**3. Let w be j(-7). Suppose -w*z - 34 = -5*z. Calculate the remainder when z is divid